{"id":2905,"date":"2022-12-19T22:31:30","date_gmt":"2022-12-19T21:31:30","guid":{"rendered":"https:\/\/www.traningskompanietvaxholm.se\/?page_id=2905"},"modified":"2022-12-19T22:31:31","modified_gmt":"2022-12-19T21:31:31","slug":"stark-rorlig","status":"publish","type":"page","link":"https:\/\/www.traningskompanietvaxholm.se\/?page_id=2905","title":{"rendered":"Stark &#038; R\u00f6rlig"},"content":{"rendered":"\n<p>Ett pass d\u00e4r vi huvudsakligen anv\u00e4nder v\u00e5r egen kroppsvikt f\u00f6r att tr\u00e4na styrka, balans och r\u00f6rlighet. Inslag av pulsh\u00f6jande \u00f6vningar samt andra redskap f\u00f6rekommer. Ett sk\u00f6nt pass d\u00e4r du tr\u00e4nar upp din styrka och smidighet i hela kroppen.<\/p>\n\n\n\n<p><\/p>\n\n\n\n<p><strong>Tid:<\/strong> Tordagar kl. 19.00<br><strong>Plats:<\/strong> Resar\u00f6 skola<br><strong>Instrukt\u00f6r:<\/strong> Annelie &amp; Anna Maria<\/p>\n","protected":false},"excerpt":{"rendered":"<p>Ett pass d\u00e4r vi huvudsakligen anv\u00e4nder v\u00e5r egen kroppsvikt f\u00f6r att tr\u00e4na styrka, balans och r\u00f6rlighet. Inslag av pulsh\u00f6jande \u00f6vningar samt andra redskap f\u00f6rekommer. Ett sk\u00f6nt pass d\u00e4r du tr\u00e4nar upp din styrka och smidighet i hela kroppen. Tid: Tordagar kl. 19.00Plats: Resar\u00f6 skolaInstrukt\u00f6r: Annelie &amp; Anna Maria<\/p>\n","protected":false},"author":1,"featured_media":0,"parent":0,"menu_order":0,"comment_status":"closed","ping_status":"closed","template":"","meta":{"footnotes":""},"class_list":["post-2905","page","type-page","status-publish","hentry"],"aioseo_notices":[],"_links":{"self":[{"href":"https:\/\/www.traningskompanietvaxholm.se\/index.php?rest_route=\/wp\/v2\/pages\/2905"}],"collection":[{"href":"https:\/\/www.traningskompanietvaxholm.se\/index.php?rest_route=\/wp\/v2\/pages"}],"about":[{"href":"https:\/\/www.traningskompanietvaxholm.se\/index.php?rest_route=\/wp\/v2\/types\/page"}],"author":[{"embeddable":true,"href":"https:\/\/www.traningskompanietvaxholm.se\/index.php?rest_route=\/wp\/v2\/users\/1"}],"replies":[{"embeddable":true,"href":"https:\/\/www.traningskompanietvaxholm.se\/index.php?rest_route=%2Fwp%2Fv2%2Fcomments&post=2905"}],"version-history":[{"count":1,"href":"https:\/\/www.traningskompanietvaxholm.se\/index.php?rest_route=\/wp\/v2\/pages\/2905\/revisions"}],"predecessor-version":[{"id":2906,"href":"https:\/\/www.traningskompanietvaxholm.se\/index.php?rest_route=\/wp\/v2\/pages\/2905\/revisions\/2906"}],"wp:attachment":[{"href":"https:\/\/www.traningskompanietvaxholm.se\/index.php?rest_route=%2Fwp%2Fv2%2Fmedia&parent=2905"}],"curies":[{"name":"wp","href":"https:\/\/api.w.org\/{rel}","templated":true}]}}